ainder when 3894903 is divided by 225.
153
Calculate the remainder when 26171130 is divided by 13085538.
54
Calculate the remainder when 80628 is divided by 1964.
104
Calculate the remainder when 1641828 is divided by 777.
27
Calculate the remainder when 11183 is divided by 9864.
1319
Calculate the remainder when 579823 is divided by 48303.
187
What is the remainder when 366619 is divided by 26186?
15
What is the remainder when 8006219 is divided by 180?
179
Calculate the remainder when 33551 is divided by 11077.
320
Calculate the remainder when 37981056 is divided by 6654.
24
Calculate the remainder when 54347 is divided by 9043.
89
What is the remainder when 141508425 is divided by 228?
225
Calculate the remainder when 5392225 is divided by 2696074.
77
Calculate the remainder when 115243 is divided by 5757.
103
Calculate the remainder when 53533921 is divided by 486672.
1
Calculate the remainder when 971425 is divided by 115.
20
What is the remainder when 250689 is divided by 5859?
4611
Calculate the remainder when 150829630 is divided by 37707402.
22
Calculate the remainder when 7077186 is divided by 6553.
6499
Calculate the remainder when 243261 is divided by 243255.
6
What is the remainder when 76790726 is divided by 11937?
5
What is the remainder when 1380458305 is divided by 770?
765
What is the remainder when 1608284 is divided by 7344?
7292
Calculate the remainder when 29532186 is divided by 168.
138
What is the remainder when 510573 is divided by 1204?
77
What is the remainder when 13913860 is divided by 22661?
6
What is the remainder when 131974 is divided by 21899?
580
Calculate the remainder when 8516322 is divided by 285.
237
What is the remainder when 317526 is divided by 63342?
816
Calculate the remainder when 2094092 is divided by 654.
638
Calculate the remainder when 250247 is divided by 2005.
1627
Calculate the remainder when 78020 is divided by 77621.
399
What is the remainder when 6351265 is divided by 172?
165
Calculate the remainder when 2200386 is divided by 167.
161
What is the remainder when 140205545 is divided by 133?
4
What is the remainder when 6441 is divided by 646?
627
Calculate the remainder when 153202027 is divided by 43.
36
What is the remainder when 666797 is divided by 162?
5
What is the remainder when 23210525 is divided by 16?
13
Calculate the remainder when 4866949 is divided by 3273.
3271
What is the remainder when 4728236 is divided by 124?
116
Calculate the remainder when 1094652 is divided by 632.
28
What is the remainder when 6385280 is divided by 1064205?
50
Calculate the remainder when 1393499 is divided by 409.
36
Calculate the remainder when 4685319 is divided by 19853.
11
What is the remainder when 1198133 is divided by 98?
83
Calculate the remainder when 132480776 is divided by 22.
10
What is the remainder when 34521454 is divided by 3895?
69
What is the remainder when 80705 is divided by 39925?
855
Calculate the remainder when 217833 is divided by 1377.
267
Calculate the remainder when 199316 is divided by 13490.
10456
Calculate the remainder when 94978 is divided by 31507.
457
Calculate the remainder when 22406048 is divided by 680.
48
What is the remainder when 141273327 is divided by 1999?
1998
Calculate the remainder when 211415 is divided by 331.
237
What is the remainder when 585069 is divided by 3182?
2763
What is the remainder when 24139432 is divided by 232?
64
Calculate the remainder when 49695759 is divided by 703.
689
What is the remainder when 20701 is divided by 5175?
1
Calculate the remainder when 400679 is divided by 3644.
3483
What is the remainder when 1162 is divided by 1055?
107
What is the remainder when 317712 is divided by 105657?
741
Calculate the remainder when 1827197 is divided by 128.
125
What is the remainder when 24700075 is divided by 1279?
27
What is the remainder when 1294304 is divided by 1979?
38
Calculate the remainder when 2193198 is divided by 1281.
126
What is the remainder when 8607 is divided by 8600?
7
Calculate the remainder when 774719 is divided by 19861.
140
What is the remainder when 6193720 is divided by 309686?
0
What is the remainder when 4874091 is divided by 241?
107
Calculate the remainder when 826824 is divided by 165358.
34
Calculate the remainder when 247406 is divided by 4849.
107
What is the remainder when 2782411 is divided by 1181?
1156
What is the remainder when 4047141 is divided by 180?
21
Calculate the remainder when 5772 is divided by 432.
156
What is the remainder when 13075063 is divided by 7624?
7527
Calculate the remainder when 582950 is divided by 2409.
2381
What is the remainder when 2392814 is divided by 14414?
90
What is the remainder when 148439436 is divided by 19?
17
What is the remainder when 5742808 is divided by 69?
7
What is the remainder when 5026279 is divided by 6275?
4
What is the remainder when 3723186 is divided by 674?
10
Calculate the remainder when 4663993 is divided by 2331994.
5
What is the remainder when 317365 is divided by 578?
43
What is the remainder when 1870801 is divided by 623407?
580
Calculate the remainder when 19733699 is divided by 9745.
74
Calculate the remainder when 1403703 is divided by 8.
7
What is the remainder when 3062472 is divided by 1020820?
12
Calculate the remainder when 13375796 is divided by 1114.
1112
What is the remainder when 1306139 is divided by 186588?
23
Calculate the remainder when 536089 is divided by 15282.
1219
Calculate the remainder when 5125089 is divided by 84.
81
What is the remainder when 52117578 is divided by 4678?
4658
What is the remainder when 7942215 is divided by 2643?
0
Calculate the remainder when 65311894 is divided by 26.
24
What is the remainder when 582508285 is divided by 42?
37
What is the remainder when 7615 is divided by 3342?
931
What is the remainder when 17918502 is divided by 18?
6
What is the remainder when 7822850 is divided by 340123?
21
Calculate the remainder when 6480 is divided by 582.
78
Calculate the remainder when 875540 is divided by 118.
98
What is the remainder when 25108 is divided by 24849?
259
Calculate the remainder when 37955071 is divided by 512.
511
Calculate the remainder when 600776 is divided by 472.
392
What is the remainder when 452181 is divided by 123?
33
What is the remainder when 401205 is divided by 10837?
236
Calculate the remainder when 2937338 is divided by 1468574.
190
Calculate the remainder when 16136144 is divided by 672.
80
What is the remainder when 118335 is divided by 10719?
426
Calculate the remainder when 8148970 is divided by 309.
22
What is the remainder when 588357 is divided by 464?
5
What is the remainder when 429668 is divided by 214815?
38
Calculate the remainder when 233568210 is divided by 22.
18
What is the remainder when 23752482 is divided by 1316?
1314
Calculate the remainder when 314364135 is divided by 1258.
1257
Calculate the remainder when 297322 is divided by 1862.
1264
Calculate the remainder when 21992 is divided by 19919.
2073
Calculate the remainder when 2290105 is divided by 1144203.
1699
Calculate the remainder when 3305299 is divided by 236092.
11
What is the remainder when 7974263 is divided by 5557?
5525
Calculate the remainder when 28696469 is divided by 9565487.
8
What is the remainder when 15603625 is divided by 2600601?
19
Calculate the remainder when 1540050 is divided by 5969.
48
Calculate the remainder when 2339430 is divided by 1569.
51
Calculate the remainder when 514383442 is divided by 159.
157
Calculate the remainder when 104611 is divided by 794.
597
Calculate the remainder when 29610 is divided by 499.
169
What is the remainder when 45145972 is divided by 2540?
12
What is the remainder when 3284107 is divided by 5172?
5059
Calculate the remainder when 412797435 is divided by 6.
3
Calculate the remainder when 1676599 is divided by 8.
7
Calculate the remainder when 1669967 is divided by 2122.
2075
Calculate the remainder when 12359553 is divided by 11175.
3
Calculate the remainder when 23191587 is divided by 2001.
1998
Calculate the remainder when 631815 is divided by 4298.
9
Calculate the remainder when 140529 is divided by 138772.
1757
What is the remainder when 206333885 is divided by 44?
21
What is the remainder when 271256 is divided by 1363?
19
